is -2202 - 1202?
-11111
In base 9, what is 1 - -15?
16
In base 9, what is -14 + -5?
-20
In base 10, what is 2 + -50?
-48
In base 9, what is 16 + 14?
31
In base 9, what is 4 + 304?
308
In base 2, what is -101111 - -110?
-101001
In base 16, what is d - -29?
36
In base 7, what is -131 + -5?
-136
In base 9, what is 46 - -2?
48
In base 5, what is 3 - -42?
100
In base 3, what is 1020 - 22100?
-21010
In base 2, what is 10101 - 1101110?
-1011001
In base 12, what is 1 - -9ab?
9b0
In base 2, what is -10010100 + 1001?
-10001011
In base 11, what is 31 - 4?
28
In base 2, what is 100100101 + 10010?
100110111
In base 10, what is -5 + -31?
-36
In base 10, what is 125 + -11?
114
In base 9, what is -28 + -52?
-81
In base 2, what is -10010001 - 10?
-10010011
In base 14, what is -22 + -a0?
-c2
In base 9, what is 15222 + 4?
15226
In base 12, what is 394a + -3?
3947
In base 7, what is 1605 - 10?
1565
In base 13, what is 3b + -4?
37
In base 12, what is -18 - 5?
-21
In base 11, what is -10 - 970?
-980
In base 4, what is 23 + -101?
-12
In base 6, what is -40 - -242?
202
In base 8, what is 1 + 166?
167
In base 8, what is -1 + 1553?
1552
In base 7, what is -3 - -113?
110
In base 7, what is -4 - -162?
155
In base 12, what is 106 + -2?
104
In base 2, what is -111 + 1101110?
1100111
In base 12, what is 218 - 1?
217
In base 8, what is 17 - -25?
44
In base 8, what is -267 + -1?
-270
In base 8, what is 2065 - 4?
2061
In base 5, what is 40 - 22?
13
In base 4, what is -321 + -1?
-322
In base 8, what is 4 - 2231?
-2225
In base 3, what is -10011 + 1222?
-1012
In base 10, what is -5 - 936?
-941
In base 15, what is -19b + 1e?
-17c
In base 8, what is 204 + 131?
335
In base 10, what is -3145 + 5?
-3140
In base 13, what is -4 + 2cc?
2c8
In base 3, what is 20111 + 10?
20121
In base 16, what is -1e6 - -15?
-1d1
In base 5, what is 14020 - 3?
14012
In base 14, what is 1 + 45?
46
In base 6, what is -31 + 4?
-23
In base 9, what is 302 + 3?
305
In base 12, what is -939 - 2?
-93b
In base 6, what is 15 + -3124?
-3105
In base 5, what is -13020 + -10?
-13030
In base 7, what is -5 - 15?
-23
In base 9, what is -25661 - -1?
-25660
In base 12, what is -1551 - -3?
-154a
In base 15, what is 27 + -56?
-2e
In base 5, what is 1221 - -1?
1222
In base 6, what is 3 - -223?
230
In base 7, what is -10 - -103?
63
In base 10, what is -73 + 1?
-72
In base 5, what is -2443 - 4?
-3002
In base 7, what is -5 - 421?
-426
In base 14, what is 4a92 - 0?
4a92
In base 16, what is -1 - -9ec?
9eb
In base 10, what is -2 - -21?
19
In base 8, what is 5 - -4525?
4532
In base 5, what is 0 - 3200?
-3200
In base 3, what is -10211 - 201?
-11112
In base 3, what is 121 - 12?
102
In base 6, what is 5 + -4200?
-4151
In base 14, what is -1b + -1?
-1c
In base 12, what is 4b + -10?
3b
In base 11, what is 48 - -3?
50
In base 2, what is 1000 + -100000000000?
-11111111000
In base 6, what is 0 - 1104?
-1104
In base 4, what is 12312 - 10?
12302
In base 11, what is -1 + 320?
31a
In base 13, what is 1 - 2c?
-2b
In base 16, what is -1f8d + -1?
-1f8e
In base 8, what is 13 + 10?
23
In base 15, what is 2 - 24b1?
-24ae
In base 9, what is -5 + 50?
44
In base 15, what is 3 + -433?
-430
In base 4, what is -32 - -2?
-30
In base 6, what is 11501 + 0?
11501
In base 14, what is c - -3?
11
In base 15, what is 2 - -ca?
cc
In base 11, what is 0 + -96?
-96
In base 4, what is -2030 + 10?
-2020
In base 6, what is 3 + -122?
-115
In base 12, what is 0 - -134?
134
In base 6, what is 1125 - 1?
1124
In base 9, what is -18 + 13?
-5
In base 11, what is -1 + 1?
0
In base 9, what is -664 - 1?
-665
In base 15, what is 2 + 449?
44b
In base 13, what is 3 + -81?
-7b
In base 16, what is -2e4 - -d?
-2d7
In base 10, what is -512 + 2?
-510
In base 16, what is 3 + 1445?
1448
In base 5, what is 141 + -21?
120
In base 8, what is -1 - 3400?
-3401
In base 11, what is 26 - -43?
69
In base 4, what is -1322 + 2?
-1320
In base 2, what is -1 - 11101000101?
-11101000110
In base 10, what is -9 - 254?
-263
In base 2, what is 1011010110 - 100?
1011010010
In base 14, what is -223 + -2?
-225
In base 5, what is 101342 - 3?
101334
In base 14, what is 44 - -1?
45
In base 4, what is -321 - -10?
-311
In base 12, what is -132 + -1?
-133
In base 11, what is 93a - 4?
936
In base 9, what is -3 + -460?
-463
In base 6, what is 201 - -5?
210
In base 2, what is 101110001 + -100?
101101101
In base 5, what is -131340 + 0?
-131340
In base 13, what is 4 - -65?
69
In base 12, what is -849b + 3?
-8498
In base 6, what is 15353 - 5?
15344
In base 9, what is 140 - -4?
144
In base 9, what is -20 + -85?
-115
In base 14, what is 1 - 4?
-3
In base 13, what is -1 - 1706?
-1707
In base 8, what is -3 - 106?
-111
In base 16, what is -7 + -10?
-17
In base 4, what is 1 + 120001?
120002
In base 13, what is -4 - -1?
-3
In base 13, what is 5 + a3c?
a44
In base 11, what is -1 + a32?
a31
In base 15, what is -5b - 1e?
-7a
In base 9, what is 10 - 11?
-1
In base 15, what is b - 2c4?
-2b8
In base 15, what is -e + 1?
-d
In base 16, what is 4 + -1c?
-18
In base 7, what is 11 - 3?
5
In base 3, what is 20012 - -10?
20022
In base 12, what is -5 + -1b7?
-200
In base 2, what is 10 - 110001?
-101111
In base 4, what is 10303023 - 2?
10303021
In base 13, what is -12 - -a8?
96
In base 16, what is -3 - -2a1?
29e
In base 3, what is 10021 - 20202?
-10111
In base 14, what is -2 - -62d?
62b
In base 7, what is -242 - 15?
-260
In base 12, what is -2ab5 - 5?
-2aba
In base 14, what is -8 + b8?
b0
In base 10, what is 1175 - 2?
1173
In base 9, what is 1222 - -4?
1226
In base 3, what is -102 - -112001?
111122
In base 16, what is -5 + -6c?
-71
In base 11, what is -799 - 4?
-7a2
In base 9, what is 342 - -4?
346
In base 13, what is -2 + -1b30?
-1b32
In base 11, what is 0 + 29?
29
In base 4, what is 10 + -3022?
-3012
In base 10, what is -77 + 50?
-27
In base 14, what is 534 - 1?
533
In base 9, what is 286 + 1?
287
In base 8, what is -1011 + 4?
-1005
In base 6, what is 32 - -201?
233
In base 12, what is -2 - 70?
-72
In base 7, what is -3455 + -13?
-3501
In base 2, what is 11001 + 1?
11010
In base 11, what is -3 - a94?
-a97
In base 3, what is 120 - 100020?
-22200
In base 8, what is -7 + 7?
0
In base 12, what is 2 + 98?
9a
In base 6, what is 201 + 34?
235
In base 6, what is -2 - 3455?
-3501
In base 11, what is 2 - -1367?
1369
In base 11, what is -184 - -5?
-17a
In base 9, what is -77 - -45?
-32
In base 9, what is 111 + 14?
125
In base 8, what is 3112 + -1?
3111
In base 9, what is -2 + -1342?
-1344
In base 11, what is -4 - a0?
-a4
In base 9, what is 20 - 17?
2
In base 5, what is 2303 - -10?
2313
In base 13, what is 11 + -9?
5
In base 15, what is -2a5d - -2?
-2a5b
In base 13, what is -5 + ba?
b5
In base 15, what is -17c + 10?
-16c
In base 8, what is 71 + -27?
42
In base 9, what is 48 + -7?
41
In base 2, what is 10 - 1001111?
-1001101
In base 9, what is 3 - 517?
-514
In base 7, what is 3 + 1363?
1366
In base 15, what is -3c + 14?
-28
In base 8, what is -5 + -1016?
-1023
In base 12, what is -599 - 2?
-59b
In base 13, what is -1 + -133?
-134
In base 9, what is 1282 + 2?
1284
In base 3, what is -100 - -1001?
201
In base 7, what is -2 - -452?
450
In base 6, what is 240 + 54?
334
In base 8, what is -16 - -10?
-6
In base 9, what is -14 + -37?
-52
In base 6, what is -211030 + -2?
-211032
In base 15, what is 89 + d?
97
In base 11, what is a - 22?
-13
In base 13, what is -7b2 + -2?
-7b4
In base 14, what is -1a7 - 5?
-1ac
In base 15, what is -370 - d?
-37d
In base 10, what is -1034 - -4?
-1030
In base 5, what is 1 + -43?
-42
In base 8, what is -2 + 427?
425
In base 11, what is -9 - -15?
7
In base 10, what is -78 - 8?
-86
In base 11, what is 4 + 366?
36a
In base 2, what is -1010110111000 - -1?
-1010110110111
In base 8, what is 5 - -50?
55
In base 16, what is 97 + 3?
9a
In base 13, what is c - -1bc?
1cb
In base 12, what is -988 - 1?
-989
In base 12, what is 2 - -232?
234
In base 10, what is -5 + 28?
23
In base 10, what is -242 + -4?
-246
In base 6, what is 2143 + -5?
2134
In base 8, what is 14 - -61?
75
In base 2, what is -10110010 - -11?
-10101111
In base 14, what is 1 + 3c?
3d
In base 9, what is 3 - 80?
-76
In base 11, what is -3 - -1352?
134a
In base 6, what is 201 - 4?
153
In base 7, what is -3021 + 4?
-3014
In base 9, what is 30236 + 4?
30241
In base 10, what is 3 + 21?